2). Determine w(z).
14
Let c(r) = -9 + 7 - 8*r**2 - 11*r + 6*r + 11*r + 4*r**3 - 5*r**3. Determine c(-8).
-50
Let m(o) = 19*o + 8 - 2*o**3 - 12*o - o**3 - 10*o + o**3 - 16*o**2. Give m(-8).
32
Let m(n) = 10 - 1 + 7*n + n**3 + 3*n**2 + 4*n**2. Let u = -134 - -202. Let t = -74 + u. Give m(t).
3
Let a(n) = 4*n - 27*n - 27*n + 52*n. Calculate a(-5).
-10
Let n(a) = 36 + 44 + 8*a - 76 - 7*a. Let u = 2 + -3. Let f = -1 - u. What is n(f)?
4
Let x(b) = -b**3 - 18*b**2 - 12*b + 23. Let f(p) = -p**2 + 48*p - 472. Let o be f(35). Give x(o).
-62
Let z(q) = 194 - 80 + q - 65 - 40. Let j = 1 - 1. Determine z(j).
9
Let w(x) = -49*x - 2. Let s be (9/18)/((1 - 0)/(-2)). Determine w(s).
47
Suppose -4*w + x - 18 = -x, -42 = 5*w + 4*x. Let f be ((-34)/(-7) - 4)/(w/(-56)). Let v(k) = -k + 3. Calculate v(f).
-5
Suppose 5*n + 24*f - 21*f - 72 = 0, 4*n = -3*f + 54. Let k(a) = -a**3 + 17*a**2 + 19*a. Give k(n).
18
Let g(r) = -37*r - 774. Let b be g(-21). Let l(d) be the second derivative of 0 + 2*d**2 - 1/2*d**b + 14*d. Give l(3).
-5
Let h(m) = 601*m - 1803. Let n be h(3). Let y(j) = -3*j**3 - 2*j + 8. Calculate y(n).
8
Suppose 3*j + 0 + 9 = 0. Let d(m) be the third derivative of -m**4/4 + 2*m**3/3 - 18*m**2 + 4. Determine d(j).
22
Let v(h) = -33*h**2 - 7*h + 151. Let o(s) = -11*s**2 - 2*s + 43. Let a(j) = -7*o(j) + 2*v(j). Determine a(1).
12
Let i = 54 - 59. Let j be i - (1 + -5) - -6. Let p(s) = s - 5. Determine p(j).
0
Let u be 6 + 5/(20/(-16)). Suppose 0 = -4*b + 4*z - 28, -b + z = -u*z + 13. Let w(t) = t - 2. Let f(g) = -g + 1. Let y(c) = -6*f(c) - 5*w(c). What is y(b)?
0
Suppose 1417 + 137 = -222*b. Let j(z) = 3*z - 18. Give j(b).
-39
Let n(x) = -3*x + 8. Suppose 35*z - 12960 - 1320 = 0. Let k = 401 - z. Calculate n(k).
29
Suppose 8*n - 27 = -3. Let c(h) = h**2 - h - 3. Let x be c(n). Let q(r) = 40 + r**2 + 0*r**3 - 39 - 6*r**3 - 4*r**x + 2*r. Determine q(-1).
10
Let x = 0 + 9. Suppose -2*n + 2 = o - x, -n - 5 = -3*o. Let a(u) = -5*u + 15. Let j(c) = 3*c - 8. Let q(d) = n*a(d) + 7*j(d). Give q(0).
4
Let i(n) be the third derivative of -n**4/4 - 110*n**3/3 - 1120*n**2. Determine i(-36).
-4
Suppose y + 0*y - 27 = 5*k, 0 = -5*y - 4*k - 10. Let t(j) = 130 + y*j - 58 - 65. Calculate t(-8).
-9
Suppose 14 = 2*o + 134. Let l = o + 59. Let t(j) be the first derivative of 7*j**2 + j + 19. Determine t(l).
-13
Let y(x) = 42 + 47 - 157 + 0*x + 3*x + 55. Suppose w - 3*u - 1 = 0, w - u + 0 - 3 = 0. Calculate y(w).
-1
Let x be -2 + 1 - -3*1. Let p(o) be the first derivative of o**4/4 - o**3 + o**2 + o + 40080. What is p(x)?
1
Suppose -b + 44 + 3 = 4*d, -4*d + 45 = 3*b. Let n(y) = -y + 68. Determine n(d).
56
Let f(q) be the first derivative of -q**5/60 + 7*q**4/12 - q**3/2 - 4*q**2 + 3*q - 102. Let w(l) be the second derivative of f(l). Give w(13).
10
Let v(d) = -d**2 - 56*d - 105. Let u(c) = -2*c**3 + 8*c**2 - 97*c + 481. Let s be u(5). Calculate v(s).
3
Let g = 15 + -12. Let c(m) = -2*m**2 + 3*m - 1. Let u = 36 + -38. Let q(z) = 6*z**2 - 9*z + 3. Let l(w) = u*q(w) - 7*c(w). What is l(g)?
10
Let a(z) = z**3 - 2*z**2 - 2. Let b = -321 + 325. Let d be b/(((-252)/27)/(-7)). Calculate a(d).
7
Let k be 3*1*1378/159. Suppose -125 - 31 = k*t. Let q(w) = -w**2 - 13*w - 1. Give q(t).
41
Let w(u) = u**3 - 18*u**2 + 17*u - 10. Let x be w(17). Let p = -3 - x. Let y(i) = -7 - 6*i - i**2 + 2*i**2 + 0*i**2. Calculate y(p).
0
Let r(i) = -i**3 + 7*i**2 - 8*i - 3. Let u be ((-3249)/27 - -3)*(-24 + 0). Let m be 2/(-21) - u/(-462). Determine r(m).
-15
Let j(t) = 4 + 227*t**3 - 4*t**2 + 219*t**3 - 445*t**3. Let l be 3/2 + 3/2. Determine j(l).
-5
Suppose 26*d - 24*d + 4*k = 0, -4*d = -4*k + 12. Let q(r) = 6*r + 12. Let w(o) = -o - 1. Let m(f) = q(f) + 3*w(f). Determine m(d).
3
Let q(r) = 30*r + 9. Let k(x) = -x**2 - 19*x + 508. Let a be k(-34). Calculate q(a).
-51
Let q(x) be the second derivative of -x**5/60 - x**4/6 - x**3/3 - 28*x**2 - 2*x + 30. Let h(r) be the first derivative of q(r). Determine h(-4).
-2
Let o = -20 + 45. Suppose -2*b + 7*b = -o. Let c(m) = 7 - 16 + 6 + 7 - m. Give c(b).
9
Let k(d) = 12*d**2 - 24*d + 6. Suppose 0 = 12*l - 13*l - 2*p + 8, 4*l - 14 = -2*p. What is k(l)?
6
Let a = 90 - 122. Let o = a - -37. Let z(y) = -1 + o + 74*y - y**2 + 0 - 78*y. Determine z(-5).
-1
Let s(c) = 4 + 59212*c + 105 - 59265*c. What is s(2)?
3
Suppose 4 = -4*s + 2*v, -6*s + 5*s = -3*v - 9. Let z be (s + 25/5)*(-10)/4. Let i(q) = q**2 + 4*q + 1. What is i(z)?
6
Suppose -50*d + 48*d + 3*l + 26 = 0, 30 = -5*l. Let k(f) be the third derivative of 0 - 17*f**2 + 1/24*f**d + 0*f + f**3. Calculate k(-6).
0
Let v(o) = -3*o - 22. Let r be 27/18*(-56)/(-6). Let u be (1 - 8) + (12 - r). Give v(u).
5
Let r(o) = -o**2 - 6*o - 6. Let u(w) = 2*w - 50. Let g be 3/(18/(-140))*78/(-65). Suppose 24*f + 88 = g*f. Let d be u(f). Give r(d).
-6
Let c(t) = -t**3 - t - 1. Let v(z) be the second derivative of -3*z**5/10 - 2*z**3/3 - 2*z**2 - 29*z - 2. Let a(x) = -11*c(x) + 2*v(x). Calculate a(-2).
5
Suppose -l = -3*x - 0*l + 7266, 4*x - 4*l - 9680 = 0. Let d(p) = 2425*p - x*p + 8*p**2 + p**3 + p**3 - 6. Give d(-3).
6
Let u(c) = c**2 - 14*c - 6. Suppose 20*h - 225 = -5. What is u(h)?
-39
Let t = -50 + 51. Let i be (-3*t)/(((-15)/(-4))/5). Let p(f) = -14*f + 12. Let d(z) = -5*z + 4. Let a(b) = i*p(b) + 11*d(b). Determine a(5).
1
Suppose -2*o + 10 = 0, -7*h + 4*h - 5*o + 292 = 0. Let a = h - 91. Let p(k) = k**3 + 2*k**2 + 3*k + 1. Give p(a).
-5
Let t(h) = 139*h**3 - 8*h**2 + 9*h + 17. Let x(y) = -836*y**3 + 50*y**2 - 56*y - 106. Let z(u) = 25*t(u) + 4*x(u). What is z(-1)?
-131
Let l(m) = -m**3 - 2*m**2 - 4*m - 4. Let c(q) = -q**2 + 34*q - 256. Let f be c(11). What is l(f)?
17
Suppose 0 = 5*r - 7 + 42. Let d(c) be the first derivative of -c**3/3 - 4*c**2 - 2*c + 331. Calculate d(r).
5
Let g(z) = -14*z + 49. Let u be 8/((-6)/8*8/(-3)). Determine g(u).
-7
Suppose 760*x - 136 = 756*x. Let l(q) = 114*q**2 - 33*q**2 + q**3 - 43*q**2 - 1 - x*q**2 + 3*q. What is l(-4)?
-13
Let s(k) = -5*k - 286. Suppose -1870 = -708*p - 722*p + 1464*p. What is s(p)?
-11
Let g(v) = v**2 - 32*v + 286. Let m be g(19). Let l be -2 - 45/(2/(-2)). Let i = m - l. Let t(r) = -r - 3. Calculate t(i).
1
Let k(g) = -3*g**3 + 6*g**2 - g + 5. Let h = 1604 - 1601. Calculate k(h).
-25
Let j(r) = 12*r - 453. Let l be j(37). Let u(p) = -p**2 - 7*p + 14. Calculate u(l).
-4
Suppose 5*g + 3*o = g + 89, -3*g - 2*o = -66. Suppose -g = r - 6*r. Let f(b) = 0*b**2 + 5*b - 2*b**3 + 3*b**2 + 2 + b**3 + 0. Determine f(r).
6
Let g = -27 - -26. Let z(w) = 34*w**2 - 61*w**2 + 29*w**2. Calculate z(g).
2
Let n(f) be the second derivative of -3*f**3/2 + 9*f**2/2 - 147*f. Let z(g) = 2*g - 4. Let q(t) = n(t) + 4*z(t). Suppose -25 = 3*b + 2*b. Determine q(b).
-2
Suppose 0 = -2*n + 96 - 4. Let h = -43 + n. Let a(m) = -h*m + 4*m + 7*m**2 - 2*m. Determine a(-1).
8
Let f(u) be the second derivative of -8*u**3/3 - 3*u**2/2 + 2063*u. What is f(0)?
-3
Let s(x) = x**2 - 3. Let d = -23 - -52. Suppose -22 - d = -17*k. Calculate s(k).
6
Let g(c) = c**3 + 10*c**2 + 3*c + 13. Let p be (10/(-8))/(((-45)/(-20))/(-9)). Suppose 5*y - m - 19 = 7*y, -4*m + 54 = -p*y. What is g(y)?
-17
Let w(m) = -304 + 305 + 4*m**2 - 8*m - 6*m**3 + 12*m. Calculate w(-1).
7
Let m(d) = -10*d + 2*d + 4*d. Suppose -5*r - 34 = 4*k, -2*k + k - 5*r = 16. Determine m(k).
24
Suppose -186*x = 366*x - 12696. Let u(o) = -2*o + 88. What is u(x)?
42
Let k(g) = 1380*g + 2733. Let d be k(-2). Let m(o) = 2*o - 1. Give m(d).
-55
Let y(w) = -4*w**2 + 56*w - 30. Let p(o) = 8. Let i(s) = 3*p(s) + y(s). What is i(14)?
-6
Let l(j) be the second derivative of -j**5/20 - 2*j**4/3 + 4*j**3/3 - 9*j**2 + 1936*j - 2. Calculate l(-9).
-9
Let k(m) be the second derivative of 0 - 20*m - 1/6*m**3 - m**2 - 1/20*m**5 + 1/4*m**4. Let t = -8 + 10. Calculate k(t).
0
Let d(t) = 85*t - 8508. Let v be d(100). Let y(f) = -22*f - 180. Determine y(v).
-4
Let d(b) = -2*b - 22. Let w be d(-11). Suppose w = -12*z + 8*z + 32. Let v(u) = z + 8*u**2 - 4 - 63*u**3 + u + 64*u**3. Calculate v(-8).
-4
Suppose m + 10 = -3*u, 0 = 2*u + 2*u + 2*m + 16. Let v be (u/(12/(-81)))/((-2)/(-4)). Let p = v + -26. Let w(z) = -18*z**3 + z**2 - z + 1. Calculate w(p).
-17
Let u(i) = 5*i. Let h(z) = 2*z**2 - 86*z - 383. Let s be h(47). Give u(s).
-35
Let u = 57 - 48. Let a be (-45)/(-27)*u/